{"id":4151,"date":"2021-06-29T19:26:21","date_gmt":"2021-06-29T19:26:21","guid":{"rendered":"https:\/\/www.liceoexperimentalgabrielamistral.cl\/?page_id=4151"},"modified":"2021-06-29T19:49:33","modified_gmt":"2021-06-29T19:49:33","slug":"decalogo-clases-virtuales","status":"publish","type":"page","link":"https:\/\/www.liceoexperimentalgabrielamistral.cl\/?page_id=4151","title":{"rendered":"DEC\u00c1LOGO CLASES VIRTUALES."},"content":{"rendered":"\n<p><strong>Objetivo del dec\u00e1logo<\/strong>: Crear un ambiente virtual que favorezca el aprendizaje y optimice los tiempos.<\/p>\n\n\n\n<p>Te invitamos a cumplir con este dec\u00e1logo y as\u00ed ayudarnos para que todos puedan aprender.<\/p>\n\n\n\n<figure class=\"wp-block-embed is-type-rich is-provider-slideshare wp-block-embed-slideshare\"><div class=\"wp-block-embed__wrapper\">\n<iframe loading=\"lazy\" title=\"Dec\u00e1logo clases virtuales\" src=\"https:\/\/www.slideshare.net\/slideshow\/embed_code\/key\/2DIlBJ1Qegobxz\" width=\"427\" height=\"356\" frameborder=\"0\" marginwidth=\"0\" marginheight=\"0\" scrolling=\"no\" style=\"border:1px solid #CCC; border-width:1px; margin-bottom:5px; max-width: 100%;\" allowfullscreen> <\/iframe> <div style=\"margin-bottom:5px\"> <strong> <a href=\"https:\/\/es.slideshare.net\/MarceloMendoza37\/declogo-clases-virtuales\" title=\"Dec\u00e1logo clases virtuales\" target=\"_blank\">Dec\u00e1logo clases virtuales<\/a> <\/strong> from <strong><a href=\"https:\/\/www.slideshare.net\/MarceloMendoza37\" target=\"_blank\">MarceloMendoza37<\/a><\/strong> <\/div>\n<\/div><\/figure>\n","protected":false},"excerpt":{"rendered":"<p>Objetivo del dec\u00e1logo: Crear un ambiente virtual que favorezca el aprendizaje y optimice los tiempos. Te invitamos a cumplir con este dec\u00e1logo y as\u00ed ayudarnos para que todos puedan aprender.<\/p>\n","protected":false},"author":7,"featured_media":4152,"parent":0,"menu_order":0,"comment_status":"closed","ping_status":"closed","template":"","meta":{"pagelayer_contact_templates":[],"_pagelayer_content":"","footnotes":""},"class_list":["post-4151","page","type-page","status-publish","has-post-thumbnail","hentry"],"_links":{"self":[{"href":"https:\/\/www.liceoexperimentalgabrielamistral.cl\/index.php?rest_route=\/wp\/v2\/pages\/4151","targetHints":{"allow":["GET"]}}],"collection":[{"href":"https:\/\/www.liceoexperimentalgabrielamistral.cl\/index.php?rest_route=\/wp\/v2\/pages"}],"about":[{"href":"https:\/\/www.liceoexperimentalgabrielamistral.cl\/index.php?rest_route=\/wp\/v2\/types\/page"}],"author":[{"embeddable":true,"href":"https:\/\/www.liceoexperimentalgabrielamistral.cl\/index.php?rest_route=\/wp\/v2\/users\/7"}],"replies":[{"embeddable":true,"href":"https:\/\/www.liceoexperimentalgabrielamistral.cl\/index.php?rest_route=%2Fwp%2Fv2%2Fcomments&post=4151"}],"version-history":[{"count":3,"href":"https:\/\/www.liceoexperimentalgabrielamistral.cl\/index.php?rest_route=\/wp\/v2\/pages\/4151\/revisions"}],"predecessor-version":[{"id":4155,"href":"https:\/\/www.liceoexperimentalgabrielamistral.cl\/index.php?rest_route=\/wp\/v2\/pages\/4151\/revisions\/4155"}],"wp:featuredmedia":[{"embeddable":true,"href":"https:\/\/www.liceoexperimentalgabrielamistral.cl\/index.php?rest_route=\/wp\/v2\/media\/4152"}],"wp:attachment":[{"href":"https:\/\/www.liceoexperimentalgabrielamistral.cl\/index.php?rest_route=%2Fwp%2Fv2%2Fmedia&parent=4151"}],"curies":[{"name":"wp","href":"https:\/\/api.w.org\/{rel}","templated":true}]}}